n be (4 + -124)*(-3)/4. Let j = n + -63. What is the greatest common divisor of j and w?
27
Let i(k) = 184*k**2 + 2*k - 4. Let j be i(2). Suppose -2*r - 6*r = -j. What is the greatest common factor of 230 and r?
46
Suppose -5*u - 1258 = -3*p, 0 = 6*p - p + 5*u - 2070. Calculate the highest common factor of 26 and p.
26
Let o(d) = -d - 3. Let q(n) = -2*n - 7. Let b(g) = 5*o(g) - 3*q(g). Let r be b(3). Calculate the greatest common divisor of r and 36.
9
Let z = 5 - 3. Suppose l + 35 - 159 = -5*f, -4*f + 4*l = -104. Suppose -f = -4*m - s, -1 = -z*m - 3*s + 4. Calculate the highest common divisor of m and 21.
7
Suppose -4649 - 1981 = -30*a. What is the highest common divisor of a and 17?
17
Suppose 24 = 2*c + c. Let s be (6/4)/(6/c). Suppose s*y - 76 = 132. What is the highest common factor of 13 and y?
13
Let d(i) = 4*i + 2*i + 20 + i + 11*i**2 - 10*i**2. Let z be d(-9). Calculate the highest common divisor of 95 and z.
19
Let z = 1184 - 880. Calculate the highest common divisor of z and 114.
38
Let w(u) = 3*u - 24. Let v be w(9). Suppose -v*j = 7*r - 2*r + 4, 4*j = 3*r + 43. What is the highest common divisor of 21 and j?
7
Suppose -45 = -12*z + 111. Let w(x) be the first derivative of -x**4/4 + x**2/2 + 5*x + 2. Let c be w(-4). What is the greatest common factor of z and c?
13
Let v(k) = -k**2 + k + 4. Let i be v(0). Suppose 0 = i*q + 12 - 60. What is the greatest common divisor of q and 8?
4
Let x(g) = -g**2 + g + 6. Let d be x(3). Suppose w + 3*w - 400 = d. Calculate the highest common factor of 40 and w.
20
Let f(v) = 10*v + 7. Let w(p) = -11*p - 7. Let b(l) = -7*f(l) - 6*w(l). Let g be b(-6). Calculate the highest common divisor of 68 and g.
17
Let z(v) be the second derivative of v**2 + 0 + 8/3*v**3 - 4*v. Let a be z(6). What is the greatest common divisor of a and 14?
14
Suppose 4*v - n - 69 = 136, -v + 4*n = -40. Calculate the greatest common factor of 468 and v.
52
Let x be (-12)/(-126) + (-1886)/(-42). What is the highest common divisor of 225 and x?
45
Suppose 7*j - 159 = 198. Calculate the highest common factor of j and 663.
51
Suppose -4*c - 3*d + 5152 = -5*d, 5*c - 3*d = 6441. What is the greatest common factor of c and 396?
99
Let p = -6162 + 6168. Suppose r - 5*y - 33 = 0, -3*r = -0*r - 3*y - 63. Calculate the greatest common divisor of p and r.
6
Let o = -6 + 6. Let q(u) = 14*u**2 - 20*u - 17 + 13*u + u**3 + o*u**2. Let y be q(-14). What is the greatest common divisor of y and 9?
9
Let v be (-190)/(-12) - 1/(-6). Let j(n) = -n + 5. Let s be j(-3). Calculate the highest common factor of s and v.
8
Let k = -150 + 156. What is the highest common factor of 14 and k?
2
Let b(u) = -53*u + 379. Let a be b(7). Calculate the greatest common divisor of 40 and a.
8
Let j(b) = 7*b + 8. Let w(r) = 7*r + 6. Let s(z) = -5*j(z) + 6*w(z). Let d = -1 + 5. Let f be s(d). Calculate the greatest common divisor of 12 and f.
12
Let z(n) = n. Let t(x) = -x - 8. Let j(y) = -t(y) - 2*z(y). Let v be j(5). Suppose -v = -c - 1. What is the highest common divisor of c and 10?
2
Let q(o) = -3*o - 14. Let d be q(-6). Let f be d/2 + -4 - -27. Suppose 0 = 4*p - 10*p + 1650. Calculate the highest common divisor of p and f.
25
Let j be (-274)/(-8) + (6 - (-325)/(-52)). Calculate the greatest common factor of j and 544.
34
Suppose 30*o = 759 + 1581. Let c(k) = k**3 + 7*k**2 + 5*k + 6. Let f be c(-6). What is the highest common factor of f and o?
6
Suppose v + 1203 = 2*b, -b - 3*v + 619 = -0*b. Suppose 3*u - 150 - 439 = -n, -2*n - b = -3*u. Calculate the highest common divisor of u and 18.
18
Let t(f) = -5*f**3 + 2. Let i = -11 + 9. Let l be t(i). Suppose -l = -0*p - p. What is the highest common factor of 63 and p?
21
Let q(o) = o**3 + 15*o**2 + 11*o - 179. Let m be q(-13). What is the highest common divisor of 5584 and m?
16
Suppose 2*h + 2*d = 4*h + 8, 3*d = 5*h + 14. Let w = h + 9. Suppose p = 2*p + 3*g + w, 0 = 4*p + 4*g. Calculate the greatest common factor of p and 20.
4
Let w be (224/504)/((-1)/(-9)). Calculate the highest common factor of 24 and w.
4
Let l = -1415 - -1685. What is the greatest common divisor of l and 80?
10
Let x = 5367 + -5291. Let q = 29 - -9. Calculate the highest common divisor of x and q.
38
Suppose 2*b + 1 = -5, j = 5*b + 3. Let s = j + 92. Calculate the greatest common factor of s and 8.
8
Suppose 18 - 30 = 3*w, l - 36 = 5*w. Let y be 0/(1/((-2)/2)). Suppose -5*t = 3*q - 364, t + 5 - 1 = y. What is the highest common factor of q and l?
16
Let b = -5 + 9. Suppose 5 = -5*r - 2*m, 0*m - m = -b*r + 9. Suppose -6904 = 11*g - 6992. Calculate the highest common factor of g and r.
1
Suppose 111*b - 106*b - 80 = 0. Let y(j) = -j**3 - 6*j**2 - j - 2. Let i be y(-6). Calculate the highest common divisor of b and i.
4
Let u(m) = 6*m**2 + 6*m + 7. Let s be ((-2)/2)/((-2)/((-2)/1)). Let p be u(s). Let y be ((-462)/4)/3*-2. What is the highest common divisor of y and p?
7
Suppose 2 = m, -5*v + 5 = 2*m + 1. Let k be -5*9/45 + (2 - v). Calculate the greatest common divisor of 4 and k.
1
Let m be (-1 - 52/(-8))/(1/18). Let p be 66/8*(-8)/(-2). Suppose 5*u - p = 2*u. What is the highest common divisor of m and u?
11
Suppose -10 = 5*w - 7*w. What is the greatest common divisor of w and 25?
5
Suppose -3*j - 39 = -2*r - 98, -r = -5. What is the greatest common factor of j and 1334?
23
Suppose 59 = -6*b - 31. Let f = b + 19. What is the greatest common factor of f and 2?
2
Let m = -706 - -761. Let u(c) = 5*c. Let v be u(1). What is the greatest common factor of v and m?
5
Let q be (-126 + 0)*48/(-56). Calculate the highest common divisor of q and 720.
36
Suppose g - 2*t - 19 - 13 = 0, -17 = -g + 5*t. What is the highest common factor of g and 14?
14
Let w = 242 + -220. Calculate the greatest common factor of 1034 and w.
22
Let b = -1463 + 1783. What is the highest common factor of b and 4?
4
Let o be 20/(-12)*(0 - 15). Suppose t = 6*t - o. What is the highest common factor of t and 15?
5
Let i(o) = 43*o + 606. Let u be i(-14). What is the highest common factor of 118 and u?
2
Suppose -3*t + 21 = k, 3*k - 23 = 22*t - 21*t. Calculate the greatest common factor of k and 369.
9
Let n(a) = 3*a**2 - 7. Let d be n(3). Suppose 0 = -4*k + d. Suppose 5*g - 20 = 0, -h + 16 + 1 = 3*g. Calculate the greatest common factor of k and h.
5
Let l = -267 - -377. Calculate the greatest common factor of l and 44.
22
Suppose 6*h - 2*h = 4. Let q(p) = 2*p + 0*p + 2 + h. Let x be q(2). What is the highest common factor of 7 and x?
7
Suppose 0 = j - 5 - 3. Suppose -7*d + 2*d = -80. What is the greatest common factor of j and d?
8
Suppose 2*b = 9 + 7. Let i(s) = 2*s - 38. Let a be i(19). Suppose 3*c + 5*w - 2*w = 54, a = -5*c - 3*w + 86. What is the greatest common factor of b and c?
8
Let z be (1 - 0)*81/1. Let c be (-27 - -1)/((-3)/(-2 + 14)). Let r = 113 - c. What is the highest common factor of z and r?
9
Let l = 73 - 52. Suppose 41 = 5*y + l. Calculate the greatest common factor of y and 28.
4
Let v be (12/5)/((-1)/(-60)). Suppose 2*s - v = -s. Let z(o) = -o + 3. Let h be z(-9). What is the greatest common divisor of h and s?
12
Suppose -156 = -17*w + 15*w + n, 2*n + 152 = 2*w. What is the highest common divisor of w and 464?
16
Suppose -j = -w - 4*j + 19, -j + 17 = 3*w. Suppose -f + 4*k + 4 = f, k = w*f - 8. Suppose -f*n - 12 = -4*n. What is the highest common divisor of 48 and n?
6
Suppose -5*w = -255 - 620. What is the highest common factor of 50 and w?
25
Let o(h) = h**3 - 14*h**2 + 4*h - 24. Let s be o(14). What is the greatest common factor of s and 288?
32
Suppose -5*u - 2*s - 3 = 0, 21 = 5*u - s - 3*s. Let g be (0 + u)*(-170)/(-5). Let p = g + -14. Calculate the greatest common divisor of 30 and p.
10
Let t(p) = -2*p**2 - 39*p + 23. Let j be t(-20). Suppose -j*l = -5*g - 84 - 70, -4*g = 8. Calculate the highest common factor of 6 and l.
6
Suppose 3*s - 52 = -4*p - 132, 3*s - 3*p + 87 = 0. Let q = s - -32. What is the highest common factor of 32 and q?
4
Suppose 24*p - 32*p = -32. Let h = 54 - 18. What is the greatest common divisor of h and p?
4
Suppose -2*q = -5*y - 462 + 1913, 4 = 2*q. Suppose y = 9*z + 39. What is the greatest common divisor of 4 and z?
4
Let o be 5*(-2 + (-57)/(-12))*4. Let k = -5 - 1. Let j(b) = -b**3 - 7*b**2 - 9*b - 7. Let h be j(k). What 